{"id":2470,"date":"2021-04-22T15:26:00","date_gmt":"2021-04-22T15:26:00","guid":{"rendered":"https:\/\/metalurgicabelgrano.com.ar\/web30\/?page_id=2470"},"modified":"2021-06-01T20:43:52","modified_gmt":"2021-06-01T20:43:52","slug":"1-mas-1-mas-1-ejes","status":"publish","type":"page","link":"https:\/\/metalurgicabelgrano.com.ar\/web30\/nuestros-productos\/sustancias-alimenticias\/semi\/sin-aislacion\/1-mas-1-mas-1-ejes\/","title":{"rendered":"1 + 1 + 1 Ejes"},"content":{"rendered":"<div class=\"wp-block-columns is-layout-flex wp-container-core-columns-is-layout-9d6595d7 wp-block-columns-is-layout-flex\">\n<div class=\"wp-block-column is-layout-flow wp-block-column-is-layout-flow\">\n<h4>\u00a0<\/h4>\n<h4>Semirremolque Tanque Sin Aislaci\u00f3n 1+1+1 Ejes<\/h4>\n<p><a href=\"https:\/\/metalurgicabelgrano.com.ar\/web30\/semirremolque-tanque-sustancias-alimenticias-sin-aislacion-111-ejes\/\">Caracter\u00edsticas T\u00e9cnicas<\/a><br \/><a href=\"https:\/\/metalurgicabelgrano.com.ar\/web30\/fotografias-semirremolque-sustancias-alimenticias-sin-aislacion-111-ejes\/\" target=\"_blank\" rel=\"noopener\">Fotograf\u00edas<\/a><br \/><a href=\"https:\/\/metalurgicabelgrano.com.ar\/folletos\/sustancias-alimenticias\/semirremolque-tanque-sustancias-alimenticias-sin-aislacion-1+1+1-ejes-2020.pdf\" target=\"_blank\" rel=\"noopener\">Folletos<\/a><br \/><a href=\"https:\/\/metalurgicabelgrano.com.ar\/planos\/sustancias-alimenticias\/plano-semirremolque-tanque-sustancias-alimenticias-sin-aislacion1+1+1-ejes-2020.jpg\" target=\"_blank\" rel=\"noopener\">Planos<\/a><\/p>\n<\/div>\n\n\n\n<div class=\"wp-block-column is-layout-flow wp-block-column-is-layout-flow\">\n<div class=\"wp-block-image\"><figure class=\"aligncenter size-large\"><a href=\"https:\/\/metalurgicabelgrano.com.ar\/web30\/wp-content\/uploads\/2021\/05\/semirremolque-sustancias-alimenticias-tanque-sin-aislacion-111-ejes-perfilb.png\"><img loading=\"lazy\" decoding=\"async\" width=\"300\" height=\"200\" src=\"https:\/\/metalurgicabelgrano.com.ar\/web30\/wp-content\/uploads\/2021\/05\/semirremolque-sustancias-alimenticias-tanque-sin-aislacion-111-ejes-perfilb.png\" alt=\"\" class=\"wp-image-2640\" srcset=\"https:\/\/metalurgicabelgrano.com.ar\/web30\/wp-content\/uploads\/2021\/05\/semirremolque-sustancias-alimenticias-tanque-sin-aislacion-111-ejes-perfilb.png 300w, https:\/\/metalurgicabelgrano.com.ar\/web30\/wp-content\/uploads\/2021\/05\/semirremolque-sustancias-alimenticias-tanque-sin-aislacion-111-ejes-perfilb-240x160.png 240w\" sizes=\"auto, (max-width: 300px) 100vw, 300px\" \/><\/a><\/figure><\/div>\n<\/div>\n<\/div>\n\n<!--themify_builder_content-->\n<div id=\"themify_builder_content-2470\" data-postid=\"2470\" class=\"themify_builder_content themify_builder_content-2470 themify_builder tf_clear\">\n    <\/div>\n<!--\/themify_builder_content-->","protected":false},"excerpt":{"rendered":"<p>\u00a0 Semirremolque Tanque Sin Aislaci\u00f3n 1+1+1 Ejes Caracter\u00edsticas T\u00e9cnicasFotograf\u00edasFolletosPlanos<\/p>\n","protected":false},"author":2,"featured_media":0,"parent":122,"menu_order":0,"comment_status":"closed","ping_status":"closed","template":"","meta":{"footnotes":""},"class_list":["post-2470","page","type-page","status-publish","hentry"],"builder_content":"","_links":{"self":[{"href":"https:\/\/metalurgicabelgrano.com.ar\/web30\/wp-json\/wp\/v2\/pages\/2470","targetHints":{"allow":["GET"]}}],"collection":[{"href":"https:\/\/metalurgicabelgrano.com.ar\/web30\/wp-json\/wp\/v2\/pages"}],"about":[{"href":"https:\/\/metalurgicabelgrano.com.ar\/web30\/wp-json\/wp\/v2\/types\/page"}],"author":[{"embeddable":true,"href":"https:\/\/metalurgicabelgrano.com.ar\/web30\/wp-json\/wp\/v2\/users\/2"}],"replies":[{"embeddable":true,"href":"https:\/\/metalurgicabelgrano.com.ar\/web30\/wp-json\/wp\/v2\/comments?post=2470"}],"version-history":[{"count":12,"href":"https:\/\/metalurgicabelgrano.com.ar\/web30\/wp-json\/wp\/v2\/pages\/2470\/revisions"}],"predecessor-version":[{"id":2718,"href":"https:\/\/metalurgicabelgrano.com.ar\/web30\/wp-json\/wp\/v2\/pages\/2470\/revisions\/2718"}],"up":[{"embeddable":true,"href":"https:\/\/metalurgicabelgrano.com.ar\/web30\/wp-json\/wp\/v2\/pages\/122"}],"wp:attachment":[{"href":"https:\/\/metalurgicabelgrano.com.ar\/web30\/wp-json\/wp\/v2\/media?parent=2470"}],"curies":[{"name":"wp","href":"https:\/\/api.w.org\/{rel}","templated":true}]}}